Is 1672367 prime?
False
Is 56264899 a composite number?
False
Is 42309011 composite?
False
Is 481069 a prime number?
False
Is 37505797 composite?
True
Is 1240483 prime?
True
Is 2243078 a composite number?
True
Is 4828049 prime?
True
Is 100367 prime?
False
Is 8113873 composite?
True
Is 73460657 prime?
True
Is 330881 composite?
True
Is 17341703 prime?
True
Is 387862243 prime?
True
Is 139359769 composite?
False
Is 1031981 composite?
False
Is 8838799 a composite number?
True
Is 162486011 a prime number?
False
Is 1054843 a composite number?
False
Is 55597214 composite?
True
Is 8652379 a composite number?
True
Is 151001203 a prime number?
True
Is 17175721 a prime number?
True
Is 13683797 a composite number?
False
Is 718202029 prime?
True
Is 399767 composite?
True
Is 73259707 composite?
False
Is 2053397 prime?
True
Is 88584397 composite?
True
Is 13889111 composite?
True
Is 14123 a prime number?
False
Is 10930162 a composite number?
True
Is 18491171 a composite number?
True
Is 1051693 a composite number?
True
Is 199961 a prime number?
True
Is 15328627 prime?
False
Is 1009027 composite?
True
Is 4117321 prime?
False
Is 2276381 a composite number?
True
Is 1672235 prime?
False
Is 22672813 prime?
False
Is 2000807 composite?
False
Is 2080957 a prime number?
False
Is 11859199 prime?
False
Is 18205477 composite?
True
Is 2807437 composite?
True
Is 27729677 prime?
True
Is 384827 a prime number?
True
Is 3380123 a prime number?
True
Is 15057233 a composite number?
False
Is 2717329 a prime number?
False
Is 7594577 a prime number?
False
Is 102188211 prime?
False
Is 12591127 a composite number?
True
Is 242489935 prime?
False
Is 3075251 a composite number?
False
Is 348521 prime?
False
Is 3381629 a prime number?
False
Is 4845743 a prime number?
False
Is 5034191 a prime number?
True
Is 26899699 prime?
False
Is 6435667 composite?
True
Is 173490701 a prime number?
False
Is 6342587 composite?
False
Is 7568089 composite?
False
Is 6580573 prime?
True
Is 2987879 a prime number?
False
Is 2286671 composite?
False
Is 4431367 a composite number?
False
Is 246265 prime?
False
Is 93795203 prime?
True
Is 88532179 a prime number?
False
Is 169811123 prime?
False
Is 5266887 composite?
True
Is 24828091 composite?
False
Is 1953427741 a composite number?
True
Is 46890139 a composite number?
False
Is 47510917 a prime number?
True
Is 5731079 a composite number?
False
Is 6351283 prime?
True
Is 85862401 prime?
True
Is 71751529 composite?
False
Is 657261061 a prime number?
True
Is 31949509 a prime number?
True
Is 2886467 a composite number?
False
Is 116129555 a composite number?
True
Is 25786729 a prime number?
True
Is 13430501 composite?
True
Is 158391583 a composite number?
True
Is 13986943 prime?
True
Is 4319359 prime?
False
Is 13447477 a composite number?
False
Is 62620681 a composite number?
False
Is 61374289 prime?
True
Is 193428343 a composite number?
True
Is 2262649 prime?
False
Is 2802847 a prime number?
True
Is 14800633 a composite number?
True
Is 2570749 a prime number?
True
Is 19444259 composite?
False
Is 2544571 a composite number?
False
Is 840547 a prime number?
True
Is 48402019 a prime number?
True
Is 525641 a composite number?
False
Is 1331629 composite?
True
Is 88044517 a prime number?
False
Is 179279153 a prime number?
True
Is 15557849 a composite number?
False
Is 930211 a composite number?
False
Is 1592363 composite?
True
Is 1502861 prime?
True
Is 146424529 a prime number?
False
Is 102061841 prime?
False
Is 10073001 prime?
False
Is 21231857 composite?
True
Is 38660529 a prime number?
False
Is 197676907 composite?
False
Is 1643567 a composite number?
True
Is 49512209 a prime number?
True
Is 1689431 prime?
True
Is 6498473 composite?
False
Is 54891953 composite?
False
Is 79810247 prime?
False
Is 177885431 a composite number?
False
Is 50238521 a prime number?
True
Is 22574503 composite?
True
Is 15246757 prime?
True
Is 152932751 a composite number?
False
Is 5681933 a prime number?
True
Is 8777189 composite?
False
Is 26288387 composite?
True
Is 2584633 composite?
True
Is 15200621 composite?
True
Is 989701 composite?
True
Is 154798387 a prime number?
True
Is 859459 composite?
False
Is 154881509 a composite number?
True
Is 2854151 a composite number?
True
Is 68656551 prime?
False
Is 5233193 prime?
False
Is 6550043 a prime number?
True
Is 214428065 a prime number?
False
Is 110098 a prime number?
False
Is 11790566 a composite number?
True
Is 284348017 a composite number?
True
Is 9192329 a prime number?
True
Is 66573707 composite?
True
Is 22273877 composite?
False
Is 135394543 a prime number?
False
Is 2321257 a prime number?
False
Is 3417503 composite?
False
Is 106877 composite?
False
Is 7044943 a prime number?
True
Is 147405067 prime?
False
Is 32811 composite?
True
Is 250797509 a composite number?
False
Is 12425363 a prime number?
True
Is 6578743 a composite number?
False
Is 543555403 composite?
True
Is 12397973 a prime number?
False
Is 44846489 composite?
False
Is 55277 a prime number?
False
Is 61337989 prime?
False
Is 3243545 prime?
False
Is 41696609 a prime number?
False
Is 2924791 composite?
False
Is 531899959 a prime number?
True
Is 979031 a prime number?
True
Is 745373 a composite number?
True
Is 1102223 prime?
False
Is 920435 a composite number?
True
Is 114519499 composite?
True
Is 1457567 composite?
True
Is 299732039 a prime number?
True
Is 12851953 a prime number?
False
Is 26671553 prime?
False
Is 2414519 a prime number?
False
Is 3042701 prime?
True
Is 6772706 a composite number?
True
Is 1699597 a composite number?
False
Is 226892207 a prime number?
True
Is 13534945 prime?
False
Is 6688291 a prime number?
False
Is 140827441 prime?
True
Is 221130187 composite?
False
Is 19058803 prime?
True
Is 28064411 prime?
True
Is 270713 composite?
True
Is 143159431 composite?
True
Is 2145821 composite?
False
Is 573689 a prime number?
False
Is 82253863 a composite number?
False
Is 12300037 prime?
True
Is 10243801 a composite number?
True
Is 12910231 prime?
True
Is 64481083 composite?
False
Is 51514577 a composite number?
False
Is 8081777 composite?
True
Is 283105447 a composite number?
True
Is 802209121 a composite number?
True
Is 11945333 a prime number?
False
Is 16733747 a prime number?
False
Is 17320247 composite?
True
Is 3471463 prime?
True
Is 1025239 a prime number?
True
Is 222117991 composite?
False
Is 1487027 a prime number?
True
Is 267845 composite?
True
Is 85961683 a prime number?
False
Is 187451669 composite?
False
Is 5472913 composite?
False
Is 47800283 a prime number?
True
Is 429701 a prime number?
True
Is 215828267 a composite number?
False
Is 28050899 prime?
False
Is 16365397 prime?
False
Is 649261 a composite number?
False
Is 973253 prime?
True
Is 23076701 prime?
False
Is 7557533 a composite number?
True
Is 2507053 a composite number?
True
Is 181152809 a prime number?
False
Is 4043999 composite?
False
Is 210716585 a composite number?
True
Is 1218943 a composite number?
True
Is 20535161 prime?
False
Is 511433897 a prime number?
False
Is 1398863 prime?
True
Is 9215963 prime?
True
Is 1520203 prime?
True
Is 143029 composite?
True
Is 688306 prime?
False
Is 271158331 composite?
False
Is 226916369 a prime number?
True
Is 1851841 composite?
False
Is 20417053 a composite number?
True
Is 5605898 a prime number?
False
Is 2981369 composite?
False
Is 38270627 a prime number?
True
Is 918418 a prime number?
False
Is 80252111 prime?
True
Is 130604711 a prime number?
True
Is 476851351 a composite number?
True
Is 3548029 a composite number?
True
Is 19497979 a composite number?
True
Is 1917457 composite?
True
Is 4389809 prime?
True
Is 135943909 composite?
True
Is 25562561 prime?
True
Is 152288599 composite?
True
Is 15600911 composite?
False
Is 2535041 prime?
True
Is 430999 composite?
False
Is 38018455 composite?
True
Is 2130031 prime?
True
Is 182839 a composite number?
False
Is 882235117 prime?
False
Is 718099 composite?
True
Is 4776121 a composite number?
True
Is 213255041 prime?
True
Is 7514963 a prime number?
True
Is 1766231 prime?
True
Is 30011417 a composite number?
False
Is 68035217 composite?
True
Is 44118427 a prime number?
False
Is 173435203 a prime number?
False
Is 8496401 prime?
False
Is 29992499 a composite number?
True
Is 654767 a composite number?
False
Is 1593841 composite?
F